base 5) in base 7?
15546
Convert 43e (base 15) to base 16.
3bf
What is -105 (base 16) in base 4?
-10011
-1b7 (base 16) to base 8
-667
Convert -23203332 (base 4) to base 2.
-1011100011111110
bc9 (base 14) to base 12
1425
-50163 (base 9) to base 6
-412303
What is -2156 (base 7) in base 16?
-308
46b (base 12) to base 16
293
What is 3123 (base 5) in base 16?
19d
What is 30e5 (base 16) in base 11?
944a
What is 113424 (base 6) in base 11?
7472
What is -1011111101100 (base 2) in base 13?
-2a31
-1657 (base 15) to base 8
-11307
-6a7 (base 12) to base 4
-33133
Convert 8400 (base 11) to base 8.
25574
What is 111010101 (base 2) in base 13?
2a1
Convert 1243203 (base 5) to base 10.
24803
-169 (base 16) to base 8
-551
Convert 2130213 (base 4) to base 11.
7592
-86e (base 15) to base 6
-12452
-c11 (base 16) to base 10
-3089
Convert 80ba (base 16) to base 4.
20002322
What is 5c7 (base 15) in base 5?
20222
What is 4614 (base 8) in base 15?
ace
What is -15770 (base 10) in base 8?
-36632
What is 20220210 (base 3) in base 13?
23ac
What is 104223 (base 5) in base 14?
14b6
What is 59d (base 16) in base 2?
10110011101
26623 (base 8) to base 5
333132
31234 (base 5) to base 13
c32
633 (base 9) to base 8
1004
-16a (base 15) to base 5
-2300
-11011101011 (base 2) to base 4
-123223
10001110011111 (base 2) to base 6
110115
Convert -11176 (base 8) to base 15.
-1609
What is 10410 (base 14) in base 13?
14b06
Convert -197 (base 15) to base 10.
-367
What is -640 (base 14) in base 3?
-1200122
Convert 70e (base 15) to base 4.
120311
What is -3233 (base 5) in base 7?
-1202
Convert 2462 (base 15) to base 5.
221432
What is 132526 (base 7) in base 16?
6181
-425 (base 11) to base 15
-241
Convert 4a (base 16) to base 3.
2202
20ad (base 16) to base 6
102421
-1254 (base 8) to base 2
-1010101100
Convert 2bb (base 16) to base 8.
1273
-2035 (base 7) to base 9
-871
-346 (base 8) to base 11
-19a
What is -156 (base 7) in base 3?
-10100
What is -1110024 (base 6) in base 5?
-3240434
What is -1177 (base 8) in base 15?
-2c9
41450 (base 6) to base 7
22152
564a (base 15) to base 4
10131313
Convert -126a (base 12) to base 15.
-94d
What is -10101000001 (base 2) in base 16?
-541
Convert -33043 (base 5) to base 14.
-b85
What is -2676 (base 11) in base 14?
-139d
-5651 (base 8) to base 13
-1488
What is -212 (base 7) in base 14?
-79
Convert -111001001111011 (base 2) to base 5.
-1414212
What is -101111110000 (base 2) in base 13?
-1511
Convert -1105 (base 6) to base 4.
-10001
Convert -264c (base 16) to base 3.
-111110010
2aab (base 13) to base 7
24102
-227 (base 14) to base 8
-653
What is 111025 (base 7) in base 4?
10301302
Convert 1022 (base 9) to base 12.
525
What is -1910 (base 10) in base 8?
-3566
What is -1069 (base 11) in base 6?
-10302
What is 1050 (base 7) in base 6?
1430
2265 (base 9) to base 12
b7b
Convert 161b (base 15) to base 5.
123001
Convert 7861 (base 10) to base 2.
1111010110101
Convert -2384 (base 10) to base 8.
-4520
Convert -16620 (base 8) to base 2.
-1110110010000
497 (base 13) to base 6
3412
Convert -122423 (base 6) to base 4.
-2223033
Convert 512 (base 8) to base 15.
170
Convert b24 (base 13) to base 8.
3541
-69c (base 16) to base 11
-12a9
What is 2426 (base 10) in base 7?
10034
Convert 559 (base 15) to base 11.
9aa
-13703 (base 9) to base 12
-5486
What is 121111 (base 3) in base 4?
12331
Convert -6201 (base 8) to base 14.
-1249
Convert -3a (base 13) to base 15.
-34
Convert 100111101 (base 2) to base 13.
1b5
Convert 15a1 (base 12) to base 14.
d17
Convert -1020221 (base 3) to base 13.
-556
What is 42f3 (base 16) in base 9?
25453
-5122 (base 6) to base 8
-2152
-10111100011 (base 2) to base 3
-2001211
What is 156a4 (base 14) in base 13?
1b440
What is -628 (base 16) in base 4?
-120220
What is -a3a (base 16) in base 7?
-10430
Convert 1701 (base 9) to base 14.
689
What is 12126 (base 7) in base 2?
110001010100
1988 (base 12) to base 6
22252
What is 42521 (base 8) in base 10?
17745
What is -11058 (base 11) in base 5?
-1003120
Convert -3824 (base 11) to base 10.
-4987
What is -1344 (base 7) in base 6?
-2230
What is -11021201 (base 3) in base 9?
-4251
What is 10011000001011 (base 2) in base 13?
4582
101001002 (base 3) to base 13
3440
Convert -75 (base 12) to base 2.
-1011001
Convert 422 (base 15) to base 8.
1644
Convert c65 (base 13) to base 16.
83f
-3445 (base 9) to base 11
-1a10
Convert -676 (base 8) to base 12.
-312
Convert 2070 (base 10) to base 6.
13330
Convert -40b1 (base 13) to base 8.
-21344
What is 100110101011 (base 2) in base 14?
c8b
Convert -14400 (base 8) to base 10.
-6400
What is -11000001010010 (base 2) in base 10?
-12370
What is -8617 (base 12) in base 11?
-10060
Convert 5a (base 12) to base 9.
77
Convert -200201 (base 3) to base 5.
-4010
-39196 (base 10) to base 15
-b931
212111002 (base 3) to base 16
42e0
What is -12200331 (base 4) in base 7?
-140541
220a (base 15) to base 6
53214
Convert 11111 (base 5) to base 8.
1415
What is -276d (base 15) in base 11?
-6372
8a6 (base 13) to base 6
10520
What is 1738 (base 10) in base 8?
3312
What is -520422 (base 6) in base 11?
-29306
What is -22142 (base 12) in base 7?
-245360
Convert -4a (base 16) to base 15.
-4e
Convert -41c (base 16) to base 13.
-62c
What is -5241 (base 12) in base 8?
-21421
What is bb (base 16) in base 15?
c7
Convert -1641 (base 8) to base 5.
-12204
What is -10111001010 (base 2) in base 12?
-a36
524 (base 9) to base 6
1551
403433 (base 5) to base 7
52611
Convert 12080 (base 12) to base 15.
72e3
-9ba (base 14) to base 15
-888
-5c6 (base 15) to base 2
-10100011111
What is -108 (base 13) in base 15?
-bc
What is 25e (base 16) in base 4?
21132
Convert 2154 (base 7) to base 13.
477
4328 (base 12) to base 11
55a6
Convert -493 (base 16) to base 15.
-531
Convert -5c25 (base 13) to base 3.
-122220010
-4023 (base 6) to base 7
-2364
Convert 2956 (base 12) to base 13.
2268
What is 7a2 (base 11) in base 13?
58a
11100110 (base 2) to base 4
3212
What is a011 (base 11) in base 10?
13322
What is 7263 (base 9) in base 13?
2565
752 (base 11) to base 8
1610
1122200 (base 3) to base 15
556
Convert 77a5 (base 11) to base 5.
312104
What is b0a7 (base 15) in base 8?
110642
Convert 105 (base 14) to base 5.
1301
21200 (base 3) to base 15
dc
What is 2c16 (base 14) in base 6?
100220
11000010 (base 2) to base 14
dc
-32103 (base 5) to base 16
-869
What is -371 (base 15) in base 14?
-3db
What is -52 (base 16) in base 5?
-312
What is -1011011110010 (base 2) in base 14?
-21d8
Convert -12760 (base 10) to base 14.
-4916
20001120 (base 4) to base 10
32856
What is -111021 (base 3) in base 4?
-11212
What is 12666 (base 10) in base 8?
30572
Convert 1111110011000 (base 2) to base 7.
32403
What is -191 (base 15) in base 5?
-2421
What is -3d2d (base 16) in base 4?
-3310231
-154 (base 8) to base 16
-6c
Convert -214 (base 14) to base 9.
-505
315 (base 16) to base 3
1002020
Convert -4340 (base 8) to base 12.
-1394
8730 (base 9) to base 13
2c04
2202 (base 13) to base 10
4734
What is -40002 (base 10) in base 4?
-21301002
Convert 4732 (base 8) to base 16.
9da
What is -143 (base 13) in base 7?
-440
What is -1233423 (base 6) in base 13?
-245b5
Convert -167a (base 14) to base 2.
-111110111100
Convert 2655 (base 9) to base 14.
a26
Convert 84a8 (base 15) to base 4.
12312122
12330 (base 4) to base 10
444
Convert -2765 (base 9) to base 5.
-31314
What is -77004 (base 8) in base 15?
-985a
Convert -1422242 (base 5) to base 7.
-152403
What is -100100011111 (base 2) in base 16?
-91f
What is -1069 (base 12) in base 8?
-3421
What is -11301322 (base 4) in base 7?
-126010
Convert 662 (base 11) to base 9.
1072
5d74 (base 16) to base 4
11311310
103 (base 8) to base 4
1003
What is c54 (base 16) in base 12?
19b0
556 (base 11) to base 8
1232
-11040 (base 7) to base 9
-3720
Convert -1100000101110 (base 2) to base 9.
-8437
Convert -22023 (base 4) to base 12.
-463
6545 (base 7) to base 8
4440
Convert -971 (base 16) to base 13.
-113c
What is 111010100001111 (base 2) in base 5?
1424332
a916 (base 14) to base 7
151126
-24560 (base 8) to base 7
-42633
What is -617 (base 12) in base 11?
-733
-94f (base 16) to base 15
-a8d
Convert 200000 (base 3) to base 2.
111100110
What is 2113 (base 7) in base 15?
34a
Convert -6bb0 (base 12) to base 3.
-121120120
Convert 553 (base 10) to base 11.
463
-142247